 by 37?
34
Let j(g) = g**3 - 10*g**2 - 5*g + 13. Let u be j(9). Let f = u - -236. Let z = f + -45. What is the remainder when z is divided by 20?
18
Suppose -4*j + 4435 = n - 48, 4*j - 4488 = 4*n. What is the remainder when j is divided by 19?
0
Suppose -26*g + 15642 + 13556 = 0. Suppose -g + 339 = -16*q. What is the remainder when 187 is divided by q?
40
Let u(v) = -24*v + 1049. What is the remainder when 30 is divided by u(43)?
13
Suppose 0 = -91*f + 27*f - 104*f + 114240. What is the remainder when f is divided by 62?
60
Let h(t) = -11 + 4*t**2 + 4*t**2 + t**3 - 12*t - t - 1. Let w be h(-9). Calculate the remainder when w + -1*(-4 + 3)*1 is divided by 9.
7
Let c(w) = -w**3 - 14*w**2 - 12*w - 2. Let o be 178/(-14) + 42/(-147). Let p be c(o). Calculate the remainder when 48 is divided by -2*(-2 + 5)*p/9.
8
Let o(d) = 324*d + 12063. What is the remainder when o(-34) is divided by 61?
10
Let c(r) = r**3 + 14*r**2 + r + 36. Calculate the remainder when 629 is divided by c(-14).
13
Let b = -8155 + 8291. Calculate the remainder when 1629 is divided by b.
133
Let h = -104 + 61. Calculate the remainder when (-41 - h)*183/6 is divided by ((-62)/6)/((-1)/3).
30
Let d(r) = -r**2 + 6*r + 18. Let q be d(8). Let y(p) = -6 - q*p - 2 - 3 + 1. What is the remainder when y(-24) is divided by 10?
8
Let d = 5843 - 5810. What is the remainder when 6135 is divided by d?
30
Let a(q) = 20*q + 37. Let f be 1*-3*120/(-72). Suppose 11*s - 583 = -198. Calculate the remainder when a(f) is divided by s.
32
Suppose -1978 + 190 = -4*p. Suppose 4*z - 7*z - p = -4*v, 4*v = 4*z + 444. Suppose 0 = k - 0*k - 24. What is the remainder when v is divided by k?
18
Suppose 0 = 7*y + 45 + 60. Calculate the remainder when 49 is divided by 127/5 + (-9)/y + -1.
24
Suppose -8*u + 84 + 300 = 0. Let c = 117 - u. Let i(y) = y**2 + 7*y + 10. What is the remainder when c is divided by i(-8)?
15
Suppose t = 7*t + t. Suppose -6*f - 350 = -8*f + 4*w, t = -4*f - 2*w + 740. Calculate the remainder when f is divided by 19.
12
What is the remainder when 219 is divided by (1*-4)/((-2)/(-21 + 23))?
3
Let v(q) = -q**3 + 3*q**2 + 3*q + 6. Let t be v(4). Suppose 0 = -t*h - 3*h + 85. Suppose 8*i + h = 9*i. Calculate the remainder when 31 is divided by i.
14
Suppose 6818 - 2195 = 23*s. Calculate the remainder when 577 is divided by s.
175
Calculate the remainder when 2*401 + 9/(36/(-40)) is divided by 39.
12
Let s = -9563 + 9758. Calculate the remainder when 1554 is divided by s.
189
Let j = -94 + 96. Suppose j*b - r - 137 = 0, 3*r - 4 = -r. Calculate the remainder when 341 is divided by b.
65
Suppose -6*f + 5*n + 980 = 0, -5*f + 9*f - 666 = -3*n. Calculate the remainder when f is divided by 24.
21
Calculate the remainder when (-2)/10 + ((-182)/(-3))/((-795)/(-3816)) is divided by 261.
30
Let u = 29 - 23. Let v be 0/2*(-6 + 39/u). Calculate the remainder when 11 is divided by 2/(8/(-6) - (v - 2)).
2
Let v(q) = -23*q**2 + 183*q - 38. Let s be v(8). Let u(n) = 2*n + 1. Let b be u(-3). What is the remainder when 3/(228/s - b) is divided by 11?
3
Let x = 4924 - 4794. Let g(a) = -a**2 + 12*a + 1. Calculate the remainder when x is divided by g(8).
31
Let x(w) = -39*w + 305. Calculate the remainder when x(2) is divided by 226.
1
Suppose 4*j + 16 = 0, -3*u + 53*j + 3166 = 52*j. What is the remainder when u is divided by 109?
73
Let l(f) = f**2 + f**3 - 6*f - f**3 + f**3 - 8 + 5*f**2. What is the remainder when l(-6) is divided by -2*2*((-2)/4)/((-7)/(-56))?
12
Let v = 63 - -209. Suppose -5*i - 35 = -3*l, -i - 5*l + 6 - 13 = 0. Let o(n) = -n**2 - 16*n - 8. What is the remainder when v is divided by o(i)?
52
Suppose 0 = 5*l - 4*l + 86. Let h = l - -37. Let v = -48 - h. What is the remainder when 1 is divided by v?
0
Let f = -20986 + 21030. Calculate the remainder when 16101 is divided by f.
41
Let k be (-35)/14 + (-9135)/(-6). Suppose 19*q - 513 = k. Calculate the remainder when q is divided by 9.
8
Let g = 9673 - 9361. Calculate the remainder when 937 is divided by g.
1
What is the remainder when 160 is divided by (-60)/(-75) - (-2574)/45?
44
Suppose -2*d = 10, g + 8*d - 131 = 7*d. What is the remainder when 604 is divided by g?
60
Let f(n) = n**3 + 10*n**2 + 15*n + 9. Let u be f(-6). Let z = -56 + u. Suppose 4*a = 201 + z. Calculate the remainder when a is divided by 18.
16
Calculate the remainder when 1942 is divided by (-93)/31 + 10 + -1 + 2.
6
Let n = -8960 + 8978. What is the remainder when 4190 is divided by n?
14
Let t(o) = o**3 - 4*o**2 + 2*o + 6. Let b be t(3). Let r be -115*(30/(-5))/6. Suppose 8*s - r = b*s. Calculate the remainder when 112 is divided by s.
20
Let s be (72/(-30))/(-4 + 36/10). Let f(h) = -h**2 + 14*h - 5. What is the remainder when 253 is divided by f(s)?
38
Suppose -p - 8 = -3*h - 33, -4*p = -3*h - 163. Calculate the remainder when 552 is divided by p.
0
Suppose -4155*y + 4157*y - 1816 = 0. Let o = y + -691. Calculate the remainder when o is divided by 111.
106
Let t be (4 - -1) + 7 + (-50)/10. Let z(o) = o**3 - 5*o**2 + 7*o - 9. What is the remainder when z(t) is divided by 14?
12
Let u be (3/2)/((-6)/(-36)). Suppose -h + u*h = 288. Suppose 156 = 5*m + h. What is the remainder when m is divided by 14?
10
Let y(p) = -p**3 + 3*p**2 + 7*p - 5. Calculate the remainder when 2293 is divided by y(-3).
25
Let w(q) = -16*q - 25. Let z be w(-5). Let l = 39 - z. Calculate the remainder when (-730)/l - (-18)/48 is divided by 12.
10
Suppose 30*q = 31*q - 134. Suppose 5*j = q - 9. What is the remainder when 35 is divided by j?
10
Let p(w) = -82*w**3 - w**2 - w - 1. Suppose 5*s + 5*c = 6*c - 6, 0 = 4*s + c + 3. Calculate the remainder when p(s) is divided by (4 + -2 + -1)*(-3 - -25).
15
Let m = -492 + 495. Suppose -5*a - 3*x = -257, m*a + 2*x + 4 = 158. What is the remainder when a is divided by 27?
25
Suppose -47*w - 15 = -48*w. Suppose 86 = 5*m + 21. Let f(d) = d**3 - 12*d**2 - 6*d + 9. What is the remainder when f(m) is divided by w?
10
Suppose 104 = 332*g - 328*g. Calculate the remainder when g is divided by 15.
11
Let y = 3493 + -3387. What is the remainder when y is divided by 92?
14
Let a(k) = k**3 - 2*k**2 - k + 14. Let x be a(-3). Calculate the remainder when 83 is divided by 100/7 + 8/x.
13
Suppose -3*f + 5*z - 15 = 0, 0*f + 2*z = -f + 6. Suppose 4*n + b - 63 = f, -3*n + 2*b + 35 = -4. What is the remainder when 116 is divided by n?
11
Let d(z) = -z**2 + 6*z - 7. Let u be d(4). Calculate the remainder when u*(1 + 76) - -2 is divided by (36/24)/(6/80).
19
Suppose -26*u + 27*u + g = 74, -25 = -5*g. Suppose 3*v = -3*y + u, 4*v + y - 96 = -y. Calculate the remainder when 35 is divided by v.
10
Suppose -11*p + 3888 = 37*p. What is the remainder when 85 is divided by p?
4
Suppose -32 - 79 = 3*h + 3*a, -2*a + 206 = -5*h. Suppose -5*l - 196 = -9*l. Let g = h + l. What is the remainder when g is divided by 3?
0
Suppose -s = -30*q + 33*q - 6820, -2252 = -q - 3*s. What is the remainder when q is divided by 328?
308
Let m(a) = 2*a - 7*a**2 + 12*a**2 - 2*a**2 - 9*a + 8. Let t = -70 + 81. Calculate the remainder when m(3) is divided by t.
3
Suppose -10843 = -26*f + 2928 - 2539. Suppose 14*a = 7*a + 217. What is the remainder when f is divided by a?
29
Let c(h) = 11*h**2 + 2*h + 1. Let w be ((-1)/(-2))/(-4*(-1)/16). Let i be 10/(-14) + (-2)/14*w. Calculate the remainder when 47 is divided by c(i).
7
Let u = 1 - -8. Suppose -4*j - 19 = -u*j - 2*b, -2*j = 2*b - 4. Suppose -4*i = -j - 83. What is the remainder when i is divided by 6?
4
Let z(c) = -c**3 + 10*c**2 + 15*c - 75. Let j be z(10). Suppose -3*p - j = -18*p. What is the remainder when 109 is divided by p?
4
Suppose 2*d = -h + 14 + 4, -2*d - 42 = -2*h. Let g = h - -135. What is the remainder when g is divided by 29?
10
Suppose -13*j + 4*j + 45 = 0. Suppose -j*r - 12 = -77. Calculate the remainder when 22 is divided by r.
9
Suppose 2*s = 16 + 30. Let j = -8794 + 8800. Calculate the remainder when s is divided by j.
5
Suppose 0 = -5*j + y + 2916 - 56, 2*j + 3*y - 1161 = 0. Calculate the remainder when j is divided by 20.
13
Suppose 0 = -3*i + 41*g - 39*g + 943, -5*i + 1601 = 4*g. Calculate the remainder when 618 is divided by i.
301
Let a(i) = 5*i + 92. Let n(h) = -12*h + 11*h - 29 + 6. Let m(d) = -2*a(d) - 9*n(d). Calculate the remainder when m(-1